{"id":3229,"date":"2021-12-03T07:08:53","date_gmt":"2021-12-03T07:08:53","guid":{"rendered":"https:\/\/fc-hermania.de\/wp\/?page_id=3229"},"modified":"2024-10-15T07:12:09","modified_gmt":"2024-10-15T07:12:09","slug":"ahrtal","status":"publish","type":"page","link":"https:\/\/fc-hermania.de\/wp\/?page_id=3229","title":{"rendered":"Ahrtal"},"content":{"rendered":"<p><span style=\"color: #000000;\">Aufgrund der aktuellen Corona Lage, hat sich der Vorstand unseres Vereins dazu entschlossen, die allj\u00e4hrliche Weihnachtsfeier mit dem damit verbundenen Helferabend unserer Kirmes ausfallen zu lassen.<\/span><\/p>\n<p><span style=\"color: #000000;\">Bereits im November 2021 haben Vorstands und auch V<\/span><span style=\"color: #000000;\">ereinsmitglieder die &#8222;AGE Schwarzenfels&#8220; bei der Helferfahrt ins Ahrtal unterst\u00fctzt. Beeindruckt dadurch m\u00f6chte auch unser Verein nicht tatenlos bleiben.<\/span><\/p>\n<p><span style=\"color: #000000;\">Deshalb haben wir uns dazu entschieden, <em><strong>500\u20ac<\/strong><\/em> an ein Spendenkonto der Gemeinde Altenahr zu spenden. <\/span><\/p>\n<p><span style=\"color: #000000;\">Auch die Damen der Gymnastik Abteilung unterst\u00fctzt uns mit Spenden aus der Weihnachtswichtelaktion.<\/span><\/p>\n<p><span style=\"color: #000000;\">Zus\u00e4tzlich haben wir einen Spendenaufruf gestartet um eine noch gr\u00f6\u00dfere Summe zusammen zu bekommen.<\/span><\/p>\n<p><span style=\"color: #000000;\">Diese Spenden k\u00f6nnen bis zum 15.12.2021 auf folgendes Konto \u00fcberwiesen werden:<\/span><\/p>\n<p><strong><span style=\"color: #000000;\">IBAN: DE84 5306 0180 0004 0221 06<\/span><\/strong><\/p>\n<p><span style=\"color: #000000;\">Verwendungszweck: <strong>Spende 2021<\/strong><\/span><\/p>\n<p><span style=\"color: #000000;\">Eine Spendenquittung kann bei Bedarf ausgestellt werden. Allerdings nur bei korrektem Verwendungszweck.<\/span><\/p>\n<p><span style=\"color: #000000;\">Alternativ k\u00f6nnen auch Spenden via <strong>Paypal<\/strong> get\u00e4tigt werden. Unter folgendem Link gelangt man zur Spendenaktion.<\/span><\/p>\n<p><span style=\"color: #000000;\">Allerdings k\u00f6nnen f\u00fcr Spenden<\/span><\/p>\n<p><span style=\"color: #000000;\">welche via Paypal gezahlt wurden, keine Spendenquittungen ausgestellt werden.<\/span><\/p>\n<p><a href=\"https:\/\/www.paypal.com\/pools\/c\/8Fck7RoFPC\"><span style=\"color: #000000;\">https:\/\/www.paypal.com\/pools\/c\/8Fck7RoFPC<\/span><\/a><\/p>\n<p><span style=\"color: #000000;\">Am 18.12.2021 m\u00f6chten wir zusammen mit Pfarrerin Daniela Gleim die gesammelten Gelder nach Altenahr \u00fcberweisen.<\/span><\/p>\n<p>&nbsp;<\/p>\n<p><span style=\"color: #000000;\">Ansprechpartner:<\/span><\/p>\n<p><span style=\"color: #000000;\">Alexander Weigand<\/span><\/p>\n<p><span style=\"color: #000000;\">0170-3509919<\/span><\/p>\n<p><span style=\"color: #000000;\">fcmottgers@gmx.net<\/span><\/p>\n<p>&nbsp;<\/p>\n<p><span style=\"color: #000000;\">Bilder der letzten Helferfahrt:<\/span><\/p>\n<p><a href=\"https:\/\/kinzig.news\/15071\/hilfe-im-ahrtal-statt-weihnachtsmarkt-auf-burg-schwarzenfels\"><strong><em>Pressebericht<\/em><\/strong><\/a><\/p>\n<p>&nbsp;<\/p>\n<p><a href=\"https:\/\/fc-hermania.de\/wp\/wp-content\/uploads\/2021\/12\/IMG-20211127-WA0016.jpg\"><img loading=\"lazy\" decoding=\"async\" class=\"alignnone wp-image-3271\" src=\"https:\/\/fc-hermania.de\/wp\/wp-content\/uploads\/2021\/12\/IMG-20211127-WA0016.jpg\" alt=\"\" width=\"656\" height=\"296\" srcset=\"https:\/\/fc-hermania.de\/wp\/wp-content\/uploads\/2021\/12\/IMG-20211127-WA0016.jpg 2048w, https:\/\/fc-hermania.de\/wp\/wp-content\/uploads\/2021\/12\/IMG-20211127-WA0016-300x135.jpg 300w, https:\/\/fc-hermania.de\/wp\/wp-content\/uploads\/2021\/12\/IMG-20211127-WA0016-1024x462.jpg 1024w, https:\/\/fc-hermania.de\/wp\/wp-content\/uploads\/2021\/12\/IMG-20211127-WA0016-768x346.jpg 768w, https:\/\/fc-hermania.de\/wp\/wp-content\/uploads\/2021\/12\/IMG-20211127-WA0016-1536x692.jpg 1536w\" sizes=\"auto, (max-width: 656px) 100vw, 656px\" \/><\/a><a href=\"https:\/\/fc-hermania.de\/wp\/wp-content\/uploads\/2021\/12\/20211127_160322-scaled.jpg\"><img loading=\"lazy\" decoding=\"async\" class=\"alignnone wp-image-3269\" src=\"https:\/\/fc-hermania.de\/wp\/wp-content\/uploads\/2021\/12\/20211127_160322-scaled.jpg\" alt=\"\" width=\"657\" height=\"876\" srcset=\"https:\/\/fc-hermania.de\/wp\/wp-content\/uploads\/2021\/12\/20211127_160322-scaled.jpg 1920w, https:\/\/fc-hermania.de\/wp\/wp-content\/uploads\/2021\/12\/20211127_160322-225x300.jpg 225w, https:\/\/fc-hermania.de\/wp\/wp-content\/uploads\/2021\/12\/20211127_160322-768x1024.jpg 768w, https:\/\/fc-hermania.de\/wp\/wp-content\/uploads\/2021\/12\/20211127_160322-1152x1536.jpg 1152w, https:\/\/fc-hermania.de\/wp\/wp-content\/uploads\/2021\/12\/20211127_160322-1536x2048.jpg 1536w\" sizes=\"auto, (max-width: 657px) 100vw, 657px\" \/><\/a><a href=\"https:\/\/fc-hermania.de\/wp\/wp-content\/uploads\/2021\/12\/IMG-20211127-WA0027.jpg\"><img loading=\"lazy\" decoding=\"async\" class=\"alignnone wp-image-3272\" src=\"https:\/\/fc-hermania.de\/wp\/wp-content\/uploads\/2021\/12\/IMG-20211127-WA0027.jpg\" alt=\"\" width=\"655\" height=\"491\" srcset=\"https:\/\/fc-hermania.de\/wp\/wp-content\/uploads\/2021\/12\/IMG-20211127-WA0027.jpg 1600w, https:\/\/fc-hermania.de\/wp\/wp-content\/uploads\/2021\/12\/IMG-20211127-WA0027-300x225.jpg 300w, https:\/\/fc-hermania.de\/wp\/wp-content\/uploads\/2021\/12\/IMG-20211127-WA0027-1024x768.jpg 1024w, https:\/\/fc-hermania.de\/wp\/wp-content\/uploads\/2021\/12\/IMG-20211127-WA0027-768x576.jpg 768w, https:\/\/fc-hermania.de\/wp\/wp-content\/uploads\/2021\/12\/IMG-20211127-WA0027-1536x1152.jpg 1536w\" sizes=\"auto, (max-width: 655px) 100vw, 655px\" \/><\/a><a href=\"https:\/\/fc-hermania.de\/wp\/wp-content\/uploads\/2021\/12\/IMG-20211127-WA0012.jpg\"><img loading=\"lazy\" decoding=\"async\" class=\"alignnone wp-image-3270\" src=\"https:\/\/fc-hermania.de\/wp\/wp-content\/uploads\/2021\/12\/IMG-20211127-WA0012.jpg\" alt=\"\" width=\"658\" height=\"296\" srcset=\"https:\/\/fc-hermania.de\/wp\/wp-content\/uploads\/2021\/12\/IMG-20211127-WA0012.jpg 2048w, https:\/\/fc-hermania.de\/wp\/wp-content\/uploads\/2021\/12\/IMG-20211127-WA0012-300x135.jpg 300w, https:\/\/fc-hermania.de\/wp\/wp-content\/uploads\/2021\/12\/IMG-20211127-WA0012-1024x462.jpg 1024w, https:\/\/fc-hermania.de\/wp\/wp-content\/uploads\/2021\/12\/IMG-20211127-WA0012-768x346.jpg 768w, https:\/\/fc-hermania.de\/wp\/wp-content\/uploads\/2021\/12\/IMG-20211127-WA0012-1536x692.jpg 1536w\" sizes=\"auto, (max-width: 658px) 100vw, 658px\" \/><\/a><\/p>\n","protected":false},"excerpt":{"rendered":"<p>Aufgrund der aktuellen Corona Lage, hat sich der Vorstand unseres Vereins dazu entschlossen, die allj\u00e4hrliche Weihnachtsfeier mit dem damit verbundenen Helferabend unserer Kirmes ausfallen zu lassen. Bereits im November 2021 haben Vorstands und auch Vereinsmitglieder die &#8222;AGE Schwarzenfels&#8220; bei der &hellip; <a href=\"https:\/\/fc-hermania.de\/wp\/?page_id=3229\">Continue reading <span class=\"meta-nav\">&rarr;<\/span><\/a><\/p>\n","protected":false},"author":12,"featured_media":0,"parent":9,"menu_order":0,"comment_status":"closed","ping_status":"closed","template":"","meta":{"ngg_post_thumbnail":0,"footnotes":"","_links_to":"","_links_to_target":""},"class_list":["post-3229","page","type-page","status-publish","hentry"],"aioseo_notices":[],"_links":{"self":[{"href":"https:\/\/fc-hermania.de\/wp\/index.php?rest_route=\/wp\/v2\/pages\/3229","targetHints":{"allow":["GET"]}}],"collection":[{"href":"https:\/\/fc-hermania.de\/wp\/index.php?rest_route=\/wp\/v2\/pages"}],"about":[{"href":"https:\/\/fc-hermania.de\/wp\/index.php?rest_route=\/wp\/v2\/types\/page"}],"author":[{"embeddable":true,"href":"https:\/\/fc-hermania.de\/wp\/index.php?rest_route=\/wp\/v2\/users\/12"}],"replies":[{"embeddable":true,"href":"https:\/\/fc-hermania.de\/wp\/index.php?rest_route=%2Fwp%2Fv2%2Fcomments&post=3229"}],"version-history":[{"count":44,"href":"https:\/\/fc-hermania.de\/wp\/index.php?rest_route=\/wp\/v2\/pages\/3229\/revisions"}],"predecessor-version":[{"id":3782,"href":"https:\/\/fc-hermania.de\/wp\/index.php?rest_route=\/wp\/v2\/pages\/3229\/revisions\/3782"}],"up":[{"embeddable":true,"href":"https:\/\/fc-hermania.de\/wp\/index.php?rest_route=\/wp\/v2\/pages\/9"}],"wp:attachment":[{"href":"https:\/\/fc-hermania.de\/wp\/index.php?rest_route=%2Fwp%2Fv2%2Fmedia&parent=3229"}],"curies":[{"name":"wp","href":"https:\/\/api.w.org\/{rel}","templated":true}]}}

<p><span style="color: #000000;">Aufgrund der aktuellen Corona Lage, hat sich der Vorstand unseres Vereins dazu entschlossen, die alljährliche Weihnachtsfeier mit dem damit verbundenen Helferabend unserer Kirmes ausfallen zu lassen.</span></p>
<p><span style="color: #000000;">Bereits im November 2021 haben Vorstands und auch V</span><span style="color: #000000;">ereinsmitglieder die &#8222;AGE Schwarzenfels&#8220; bei der Helferfahrt ins Ahrtal unterstützt. Beeindruckt dadurch möchte auch unser Verein nicht tatenlos bleiben.</span></p>
<p><span style="color: #000000;">Deshalb haben wir uns dazu entschieden, <em><strong>500€</strong></em> an ein Spendenkonto der Gemeinde Altenahr zu spenden. </span></p>
<p><span style="color: #000000;">Auch die Damen der Gymnastik Abteilung unterstützt uns mit Spenden aus der Weihnachtswichtelaktion.</span></p>
<p><span style="color: #000000;">Zusätzlich haben wir einen Spendenaufruf gestartet um eine noch größere Summe zusammen zu bekommen.</span></p>
<p><span style="color: #000000;">Diese Spenden können bis zum 15.12.2021 auf folgendes Konto überwiesen werden:</span></p>
<p><strong><span style="color: #000000;">IBAN: DE84 5306 0180 0004 0221 06</span></strong></p>
<p><span style="color: #000000;">Verwendungszweck: <strong>Spende 2021</strong></span></p>
<p><span style="color: #000000;">Eine Spendenquittung kann bei Bedarf ausgestellt werden. Allerdings nur bei korrektem Verwendungszweck.</span></p>
<p><span style="color: #000000;">Alternativ können auch Spenden via <strong>Paypal</strong> getätigt werden. Unter folgendem Link gelangt man zur Spendenaktion.</span></p>
<p><span style="color: #000000;">Allerdings können für Spenden</span></p>
<p><span style="color: #000000;">welche via Paypal gezahlt wurden, keine Spendenquittungen ausgestellt werden.</span></p>
<p><a href="https://www.paypal.com/pools/c/8Fck7RoFPC"><span style="color: #000000;">https://www.paypal.com/pools/c/8Fck7RoFPC</span></a></p>
<p><span style="color: #000000;">Am 18.12.2021 möchten wir zusammen mit Pfarrerin Daniela Gleim die gesammelten Gelder nach Altenahr überweisen.</span></p>
<p>&nbsp;</p>
<p><span style="color: #000000;">Ansprechpartner:</span></p>
<p><span style="color: #000000;">Alexander Weigand</span></p>
<p><span style="color: #000000;">0170-3509919</span></p>
<p><span style="color: #000000;">fcmottgers@gmx.net</span></p>
<p>&nbsp;</p>
<p><span style="color: #000000;">Bilder der letzten Helferfahrt:</span></p>
<p><a href="https://kinzig.news/15071/hilfe-im-ahrtal-statt-weihnachtsmarkt-auf-burg-schwarzenfels"><strong><em>Pressebericht</em></strong></a></p>
<p>&nbsp;</p>
<p><a href="https://fc-hermania.de/wp/wp-content/uploads/2021/12/IMG-20211127-WA0016.jpg"><img loading="lazy" decoding="async" class="alignnone wp-image-3271" src="https://fc-hermania.de/wp/wp-content/uploads/2021/12/IMG-20211127-WA0016.jpg" alt="" width="656" height="296" srcset="https://fc-hermania.de/wp/wp-content/uploads/2021/12/IMG-20211127-WA0016.jpg 2048w, https://fc-hermania.de/wp/wp-content/uploads/2021/12/IMG-20211127-WA0016-300x135.jpg 300w, https://fc-hermania.de/wp/wp-content/uploads/2021/12/IMG-20211127-WA0016-1024x462.jpg 1024w, https://fc-hermania.de/wp/wp-content/uploads/2021/12/IMG-20211127-WA0016-768x346.jpg 768w, https://fc-hermania.de/wp/wp-content/uploads/2021/12/IMG-20211127-WA0016-1536x692.jpg 1536w" sizes="auto, (max-width: 656px) 100vw, 656px" /></a><a href="https://fc-hermania.de/wp/wp-content/uploads/2021/12/20211127_160322-scaled.jpg"><img loading="lazy" decoding="async" class="alignnone wp-image-3269" src="https://fc-hermania.de/wp/wp-content/uploads/2021/12/20211127_160322-scaled.jpg" alt="" width="657" height="876" srcset="https://fc-hermania.de/wp/wp-content/uploads/2021/12/20211127_160322-scaled.jpg 1920w, https://fc-hermania.de/wp/wp-content/uploads/2021/12/20211127_160322-225x300.jpg 225w, https://fc-hermania.de/wp/wp-content/uploads/2021/12/20211127_160322-768x1024.jpg 768w, https://fc-hermania.de/wp/wp-content/uploads/2021/12/20211127_160322-1152x1536.jpg 1152w, https://fc-hermania.de/wp/wp-content/uploads/2021/12/20211127_160322-1536x2048.jpg 1536w" sizes="auto, (max-width: 657px) 100vw, 657px" /></a><a href="https://fc-hermania.de/wp/wp-content/uploads/2021/12/IMG-20211127-WA0027.jpg"><img loading="lazy" decoding="async" class="alignnone wp-image-3272" src="https://fc-hermania.de/wp/wp-content/uploads/2021/12/IMG-20211127-WA0027.jpg" alt="" width="655" height="491" srcset="https://fc-hermania.de/wp/wp-content/uploads/2021/12/IMG-20211127-WA0027.jpg 1600w, https://fc-hermania.de/wp/wp-content/uploads/2021/12/IMG-20211127-WA0027-300x225.jpg 300w, https://fc-hermania.de/wp/wp-content/uploads/2021/12/IMG-20211127-WA0027-1024x768.jpg 1024w, https://fc-hermania.de/wp/wp-content/uploads/2021/12/IMG-20211127-WA0027-768x576.jpg 768w, https://fc-hermania.de/wp/wp-content/uploads/2021/12/IMG-20211127-WA0027-1536x1152.jpg 1536w" sizes="auto, (max-width: 655px) 100vw, 655px" /></a><a href="https://fc-hermania.de/wp/wp-content/uploads/2021/12/IMG-20211127-WA0012.jpg"><img loading="lazy" decoding="async" class="alignnone wp-image-3270" src="https://fc-hermania.de/wp/wp-content/uploads/2021/12/IMG-20211127-WA0012.jpg" alt="" width="658" height="296" srcset="https://fc-hermania.de/wp/wp-content/uploads/2021/12/IMG-20211127-WA0012.jpg 2048w, https://fc-hermania.de/wp/wp-content/uploads/2021/12/IMG-20211127-WA0012-300x135.jpg 300w, https://fc-hermania.de/wp/wp-content/uploads/2021/12/IMG-20211127-WA0012-1024x462.jpg 1024w, https://fc-hermania.de/wp/wp-content/uploads/2021/12/IMG-20211127-WA0012-768x346.jpg 768w, https://fc-hermania.de/wp/wp-content/uploads/2021/12/IMG-20211127-WA0012-1536x692.jpg 1536w" sizes="auto, (max-width: 658px) 100vw, 658px" /></a></p>

<p>Aufgrund der aktuellen Corona Lage, hat sich der Vorstand unseres Vereins dazu entschlossen, die alljährliche Weihnachtsfeier mit dem damit verbundenen Helferabend unserer Kirmes ausfallen zu lassen. Bereits im November 2021 haben Vorstands und auch Vereinsmitglieder die &#8222;AGE Schwarzenfels&#8220; bei der &hellip; <a href="https://fc-hermania.de/wp/?page_id=3229">Continue reading <span class="meta-nav">&rarr;</span></a></p>
